
Does 44 divide (-3)/(-21) - 4617/(-21)?
True
Suppose -35345 - 26930 = -47*a. Is 53 a factor of a?
True
Let f = -792 - -905. Suppose -o = 4*o - 25. Suppose k + 110 = o*z + 6*k, -4*k = 5*z - f. Is 17 a factor of z?
False
Let q(u) = 1590*u**2 - 4*u + 2. Is q(-1) a multiple of 18?
False
Let g = -28 + 19. Let b(l) = l**3 + 8*l**2 - 10*l - 4. Let p be b(g). Suppose 3*f = 47 - p. Is 6 a factor of f?
False
Suppose 3*r = -g + 3302, -7*r + 2*r + 5498 = -g. Is r a multiple of 110?
True
Let r(h) = 12*h + 636. Does 6 divide r(-13)?
True
Suppose 3*a + 0*a + 6 = 0. Let z(w) be the third derivative of -w**6/40 - w**5/60 + w**4/24 - w**3/3 + 5*w**2. Is 16 a factor of z(a)?
True
Let z(m) = 2*m - 8. Let u(h) = 3. Let y(s) = -8*u(s) - 3*z(s). Suppose 0 = 5*b + 5*t + 25, -2*b - b + t = -1. Is 5 a factor of y(b)?
False
Let y = -49 + 90. Let r = y + -21. Does 20 divide r?
True
Suppose -2*u = 3*u + 60. Let b = 14 + u. Suppose b*k = 15 - 1. Is k a multiple of 2?
False
Let i = 10945 - 7762. Is 13 a factor of i?
False
Suppose 11*n = -974 + 4274. Is n a multiple of 15?
True
Suppose -4*h + 16 - 3 = k, 6 = 2*k - 2*h. Let i(y) = 15*y - 882. Let x be i(59). Suppose -41 = -x*o - k. Does 3 divide o?
True
Suppose -4*b + 2*d = 10, -5*b + d - 6*d - 35 = 0. Is (2 - (-4 - -11))*b even?
True
Let x = 887 + -493. Is x a multiple of 26?
False
Let d = 46 - 89. Suppose -78 = 2*r - 320. Let c = r + d. Is 32 a factor of c?
False
Let z(m) = -m**3 - 6*m**2 - 3*m + 12. Let o be z(-5). Suppose -3*w + 0*w + 5*h = -51, 2*w + o*h = 34. Is 3 a factor of w?
False
Let c(m) = 328*m - 6. Let o be c(2). Suppose o = 7*n - 379. Is n a multiple of 17?
False
Let b be (51 - 46) + (-1 - -9*2). Let w(x) = -14*x + 4. Let n be w(-4). Suppose -b*j = -17*j - n. Does 6 divide j?
True
Let g = -36 - -22. Let l = -11 - g. Suppose f + 3*c - 94 = 0, 0 = -l*f - 2*c + 312 - 58. Is 22 a factor of f?
False
Suppose 4*h - 7*h = -9. Let m(t) = t**3 - t**2 - 3*t. Is m(h) a multiple of 9?
True
Suppose 0 = m + 4*m - 750. Suppose -3*s = 2*g + 3*g - m, 0 = -3*s + 15. Is 25 a factor of g?
False
Let z(i) = -i**3 - 3*i**2 - 2*i - 3. Let w be z(-4). Let x be -3*(w/9 - 3). Suppose -2*q = f - 32, -5*f + x*q + 140 - 40 = 0. Does 11 divide f?
True
Let y be (-4)/5 - (-14)/5. Suppose 3*d = 2*u + 106, -y*d + 3*d + u - 37 = 0. Is d a multiple of 9?
True
Let l = 64 - 68. Is 6/(l - (-1)/(58/235)) a multiple of 29?
True
Is 13 a factor of -3 + 3 + 5 - (6 + -92)?
True
Let l be (-9)/(((-12)/9)/4). Suppose -3*a + 11 = 2, -3*r - 5*a + l = 0. Suppose -3*d - r*d = -329. Is d a multiple of 33?
False
Suppose 43*n = 2455 + 3350. Is 5 a factor of n?
True
Let p be 5/(-10) - (-22)/4. Let o = -1 + p. Is (o/(-12))/(1/(-213)) a multiple of 19?
False
Let j be (1 + -3 + 1)*3. Let u be 1*1/(j/30). Does 6 divide (-15)/(-2)*(-16)/u?
True
Is 24 a factor of 413 + 1 + -3 + 4 + -7?
True
Let d be 3/7 - 3771/(-21). Let l = d - 119. Is l a multiple of 10?
False
Suppose 2*a = 2*g - 256, -67 = -g - a + 57. Is g a multiple of 32?
False
Suppose -31*t + 405 + 23868 = 0. Is 27 a factor of t?
True
Let k be 4/(-2)*(1 - -1). Is 12 a factor of (-2 + -23)*-1 + k?
False
Suppose 45*c - 28746 - 171729 = 0. Does 27 divide c?
True
Let i(r) = -70*r - 74*r + 27 - 71*r + 212*r. Let v(m) = m**2 - 4*m. Let k be v(4). Is i(k) a multiple of 27?
True
Is (-27403)/(-15) - 12/90*-1 a multiple of 87?
True
Suppose -5*t + 1393 = 3*m, -3*m - 3*t + 1148 = -235. Is 12 a factor of m?
True
Suppose 0 = -2*o - m + 6, -3*m - 4 = -2*m. Let s(p) = 2*p + 4. Does 3 divide s(o)?
False
Is 14 a factor of 14/(-2)*(-132)/(-1 + 3)?
True
Suppose -3*p = -5*c - 21, -2*p = 2*c + 27 - 9. Is 8 a factor of (c/4)/(3/(-176))?
True
Let g(a) = a**2 - 3*a + 210. Let p be g(0). Suppose p = 3*u - 6. Does 9 divide u?
True
Let l(k) = 3*k - 4. Let r(o) = 4*o - 3. Suppose 0*i + 4*a + 12 = 3*i, -3*i - 2*a + 12 = 0. Let f(z) = i*l(z) - 5*r(z). Does 15 divide f(-2)?
True
Let z = -3537 - -6110. Is z a multiple of 115?
False
Suppose -4*t = -4 - 4. Let b(m) = -3*m + 3. Let w be b(t). Is 3 a factor of (-39)/(-3) + -4 + w?
True
Suppose 0*w + 3*w + 9 = 0, -2*g = -4*w - 8. Is g/(-5)*(-120)/(-1) a multiple of 20?
False
Suppose 2*k = -0*k + 6. Let o(b) = -b**2 + 3*b + 3. Let j be o(k). Suppose -j*m - 159 = -3*h, -5*h + 0*h + 250 = -2*m. Is 9 a factor of h?
False
Let x = -89 + 128. Let i = 11 - 8. Suppose -4*v + x = -i*v. Is 22 a factor of v?
False
Let m(z) = 4*z - 1. Let o(s) = s**2 - 8*s + 7. Let r be o(6). Let a be -1*r/((-15)/(-9)). Is m(a) a multiple of 6?
False
Suppose 5*t - 6263 = -2473. Suppose -4*m + r = 6*r - t, -3*m + 3*r + 582 = 0. Is 20 a factor of m?
False
Let d = 65 + -59. Let c(y) = 23*y - 19. Does 8 divide c(d)?
False
Let m(b) = 331*b**2 - 29*b + 78. Does 10 divide m(3)?
True
Let g(o) = -2*o - 3. Let f be g(-4). Let c(a) = 21*a + 2. Does 8 divide c(f)?
False
Suppose 7*r - 2*r = 10, 4*u + r + 2 = 0. Is 15 a factor of (5/2 + (u - 3))*-60?
True
Let b be (0 + 0)/(-6 + 4). Suppose b = a + a - w - 3, 3*a - 7 = -w. Suppose -2*p = p - a*r - 17, -4*p + 5*r + 11 = 0. Does 9 divide p?
True
Suppose 4*y = 4, 1 - 2 = -2*r + 5*y. Suppose 0 = -r*s - 47 + 11. Let m = 24 + s. Is 12 a factor of m?
True
Let r(n) = -14*n + 196. Is 15 a factor of r(-16)?
True
Suppose 3*i = 2*m + i - 4914, -4*m = i - 9828. Is 28 a factor of m?
False
Let g(y) = -y**3 + 15*y**2 + 41*y - 16. Suppose -5*o = -6 + 1, 2*o - 36 = -2*s. Does 12 divide g(s)?
False
Let t(y) = y + 7. Let d be t(-5). Suppose -3*m - w = d, -w = w + 4. Suppose 4*v = 2*s + 244, m*v - 5*v = 5*s - 320. Is 20 a factor of v?
False
Let w = -2 + 4. Suppose -w*n - c = 1 - 41, -2*c = 0. Is 6 a factor of n?
False
Let q be 1364/16 + (14/8 - 2). Suppose -x + 9 = -0. Let j = x + q. Does 16 divide j?
False
Suppose -3*g = -3*o - 630, 5*o = 4*o - 2. Does 26 divide g?
True
Let t be (-7)/(-21) + 3116/12. Suppose -258 = -4*k - 3*s, 0 = -4*k - 3*s - s + t. Does 6 divide k?
False
Let w = -55 + 58. Suppose 2*n = n - 4*s + 53, w*n + 2*s = 139. Is 19 a factor of n?
False
Let y(h) = 2*h**2 + 51*h - 136. Is 5 a factor of y(-36)?
True
Suppose -4897 = -4*v - f, 4*v + 19*f - 4888 = 15*f. Is v a multiple of 43?
False
Suppose -241 = -o + 179. Does 75 divide o?
False
Let m(s) = -4*s - 8. Let n be m(-3). Suppose 0 = 7*x - n*x - 51. Does 12 divide x?
False
Suppose -3 = 3*y - 9. Suppose -2 = -y*d - 2*b, -2*d = -3*d - 2*b. Suppose f = d*f - 85. Is 23 a factor of f?
False
Suppose 5*g = -42 - 13. Let f = 13 + g. Suppose -5*k + 110 = -n + 3*n, f*n - 2*k = 110. Does 9 divide n?
False
Let g(n) = n**3 - 2*n**2 + 2*n. Let y be g(-3). Let f = y + 86. Does 6 divide f?
False
Let y = 19 + -17. Suppose m + y = -13. Let n = m - -27. Is 4 a factor of n?
True
Let u = 31 + -28. Let h = 6 - 1. Suppose -3*g + 39 = u*o, -h*o + 2*g - 33 = -105. Is o a multiple of 7?
True
Suppose 3*u + 1 = -11, 2 = 2*v + u. Suppose -2*b = -3*h + 81, 27 = v*h - 2*h + 2*b. Does 13 divide h?
False
Suppose -7*g = -2157 + 519. Suppose -4*z + 2*t = -g, 5*z = -0*t - 2*t + 306. Is 20 a factor of z?
True
Let p(t) = 11 + 1 + 54*t + 0*t**2 - 51*t + t**2. Does 8 divide p(-8)?
False
Let m = 1336 - 748. Suppose m = 11*d - 314. Does 8 divide d?
False
Let s be 16/(-4) + (5 - 1). Suppose 0 = 4*x - 5*d + 41, s = 2*d - 10 - 0. Is 12 a factor of (-234)/x + (-9)/(-18)?
False
Suppose -35*g + 19*g = -21216. Is g a multiple of 51?
True
Suppose 10*w = 4*w + 6. Let u be 0 - 22/(0 - w). Suppose -2*l + u + 38 = 0. Is 10 a factor of l?
True
Is (111/4)/(6/8) a multiple of 3?
False
Let x(i) = 7*i + 224. Let z be x(-31). Let k(y) = y + 22. Let d(f) = -3*f - 66. Let p(n) = -4*d(n) - 11*k(n). Does 8 divide p(z)?
False
Let q(p) be the second derivative of p**7/56 - p**6/240 + p**5/120 + 5*p**4/6 - 3*p. Let l(j) be the third derivative of q(j). Is l(1) a multiple of 20?
False
Let y(o) = -4*o + 4. Suppose -m + 5*t - 2 = 24, 4*t = 3*m + 45. Let s be y(m). Suppose -13*r = -9*r - s. Does 3 divide r?
True
Suppose 0 = -107*s + 113*s - 4230. Is s a multiple of 6?
False
Suppose 5*f = -0*i + i - 15, 5*f = 0. Let z = i + -13. Suppose -z*x = -2, 3*g + 2*x = -2*g + 272. Is g a multiple of 18?
True
Let i(p) = 2*p**2 + 7*p - 5. Let k be i(-6). Suppose -5*m = -k, -3*m + 7*m - 22 = -2*j. Does 10 divide j - 0 - (2 + -31)?
True
Let u be ((-4)/(-7))/(6/21). Suppose 7*o = u*o + 60. Suppose -t + k = 2*t - 15, -o = -3*t + 2*k. 